{"id":398,"date":"2021-09-27T10:14:36","date_gmt":"2021-09-27T08:14:36","guid":{"rendered":"http:\/\/www.poltegor.pl\/?page_id=398"},"modified":"2026-01-24T17:31:48","modified_gmt":"2026-01-24T15:31:48","slug":"398-2","status":"publish","type":"page","link":"http:\/\/www.poltegor.pl\/","title":{"rendered":""},"content":{"rendered":"<p style=\"text-align: center;\"><strong>We offer to rent office space in ower building at 56F, Wy\u015bcigowa Str. in Wroclaw:3<\/strong><\/p>\n<p>Office space for rent is located in the 4 storey office building.<br \/>\nOffer details:<\/p>\n<ul>\n<li>Air-conditioned rooms, equipped with category 6 structured cabling, with a separate power supply.<\/li>\n<\/ul>\n<ul>\n<li>The building has a technical rooms (fiber optic risers) and server rooms and telecommunication connections from different vendors links fixed (Orange, Netia) and the ability to wireless connections (eg. NASK).<\/li>\n<\/ul>\n<ul>\n<li>The building is equipped with two lifts in this one freight, common sanitary and breakfast room (on each floor).<\/li>\n<\/ul>\n<ul>\n<li>There is a possibility of renting meeting (training) rooms &#8211; small (up to 15 people), and large (up to 50 people).<\/li>\n<\/ul>\n<ul>\n<li>24-hour security, front desk (Concierge), access control, monitoring of common areas inside the building and the land on the outside of the building, car park.<\/li>\n<\/ul>\n<ul>\n<li>Price to be agreed includes rent+ operating costs (media, protection and cleaning).<\/li>\n<\/ul>\n<ul>\n<li>Location-very good access from all directions in the city.<\/li>\n<\/ul>\n<ul>\n<li>Easy access to the A4 motorway and the crossroads with the motorway ring road of Wroc\u0142aw (A4\/A8).<\/li>\n<\/ul>\n<ul>\n<li>Access to public transport: bus stops (Karkonowska Str.) and tram (loops at \u015al\u0119\u017cna and Karkonowska Str.).<\/li>\n<\/ul>\n<p>&nbsp;<\/p>\n<p>Contact:<\/p>\n<p><a href=\"mailto:biuro@poltegor.pl\">biuro@poltegor.pl<\/a><\/p>\n<p>tel.\u00a0 602\u00a0382\u00a0536<\/p>\n<p>tel.\u00a0 605\u00a0091\u00a0991<\/p>\n<p>&nbsp;<\/p>\n","protected":false},"excerpt":{"rendered":"<p>We offer to rent office space in ower building at 56F, Wy\u015bcigowa Str. in Wroclaw:3 Office space for rent is located in the 4 storey office building. Offer details: Air-conditioned rooms, equipped with category 6 structured cabling, with a separate power supply. The building has a technical rooms (fiber optic risers) and server rooms and &hellip; <a href=\"http:\/\/www.poltegor.pl\/\" class=\"more-link\">Continue reading<span class=\"screen-reader-text\"> &#8222;&#8221;<\/span><\/a><\/p>\n","protected":false},"author":1,"featured_media":0,"parent":0,"menu_order":0,"comment_status":"closed","ping_status":"closed","template":"","meta":{"footnotes":""},"class_list":["post-398","page","type-page","status-publish","hentry"],"_links":{"self":[{"href":"http:\/\/www.poltegor.pl\/index.php?rest_route=\/wp\/v2\/pages\/398","targetHints":{"allow":["GET"]}}],"collection":[{"href":"http:\/\/www.poltegor.pl\/index.php?rest_route=\/wp\/v2\/pages"}],"about":[{"href":"http:\/\/www.poltegor.pl\/index.php?rest_route=\/wp\/v2\/types\/page"}],"author":[{"embeddable":true,"href":"http:\/\/www.poltegor.pl\/index.php?rest_route=\/wp\/v2\/users\/1"}],"replies":[{"embeddable":true,"href":"http:\/\/www.poltegor.pl\/index.php?rest_route=%2Fwp%2Fv2%2Fcomments&post=398"}],"version-history":[{"count":6,"href":"http:\/\/www.poltegor.pl\/index.php?rest_route=\/wp\/v2\/pages\/398\/revisions"}],"predecessor-version":[{"id":509,"href":"http:\/\/www.poltegor.pl\/index.php?rest_route=\/wp\/v2\/pages\/398\/revisions\/509"}],"wp:attachment":[{"href":"http:\/\/www.poltegor.pl\/index.php?rest_route=%2Fwp%2Fv2%2Fmedia&parent=398"}],"curies":[{"name":"wp","href":"https:\/\/api.w.org\/{rel}","templated":true}]}}