{"id":35,"date":"2021-07-06T12:27:20","date_gmt":"2021-07-06T10:27:20","guid":{"rendered":"http:\/\/192.168.1.65\/?page_id=35"},"modified":"2024-09-30T16:14:47","modified_gmt":"2024-09-30T14:14:47","slug":"biura-do-wynajecia","status":"publish","type":"page","link":"http:\/\/www.poltegor.pl\/?page_id=35&lang=pl","title":{"rendered":"Kontakt"},"content":{"rendered":"\r\n<figure class=\"wp-block-table is-style-stripes\">\r\n<table>\r\n<tbody>\r\n<tr>\r\n<td><strong>Likwidator i Koordynator projekt\u00f3w<\/strong><\/td>\r\n<\/tr>\r\n<tr>\r\n<td>Wojciech Anto\u0144czak<\/td>\r\n<td>\u00a0<\/td>\r\n<td>tel. (+48) 605 091 991<\/td>\r\n<\/tr>\r\n<tr>\r\n<td><strong>Biuro Likwidatora<\/strong><\/td>\r\n<\/tr>\r\n<tr>\r\n<td>Teresa Zieli\u0144ska<\/td>\r\n<td>\u00a0<\/td>\r\n<td>tel. (+48) 501 323 077<\/td>\r\n<\/tr>\r\n<tr>\r\n<td>e-mail: <a href=\"mailto:biuro@poltegor.pl\">biuro@poltegor.pl<\/a><\/td>\r\n<\/tr>\r\n<tr>\r\n<td><strong>Likwidator i G\u0142\u00f3wny Ksi\u0119gowy<\/strong><\/td>\r\n<\/tr>\r\n<tr>\r\n<td>Wies\u0142awa \u0141a\u017aniak -Sieradzan<\/td>\r\n<td>\u00a0<\/td>\r\n<td>tel. (+48) 602 382 536<\/td>\r\n<\/tr>\r\n<tr>\r\n<td>e-mail: <a href=\"mailto:w.sieradzan@poltegor.pl\">w.sieradzan@poltegor.pl<\/a><\/td>\r\n<\/tr>\r\n<\/tbody>\r\n<\/table>\r\n<\/figure>\r\n","protected":false},"excerpt":{"rendered":"<p>Likwidator i Koordynator projekt\u00f3w Wojciech Anto\u0144czak \u00a0 tel. (+48) 605 091 991 Biuro Likwidatora Teresa Zieli\u0144ska \u00a0 tel. (+48) 501 323 077 e-mail: biuro@poltegor.pl Likwidator i G\u0142\u00f3wny Ksi\u0119gowy Wies\u0142awa \u0141a\u017aniak -Sieradzan \u00a0 tel. (+48) 602 382 536 e-mail: w.sieradzan@poltegor.pl<\/p>\n","protected":false},"author":1,"featured_media":0,"parent":0,"menu_order":0,"comment_status":"closed","ping_status":"closed","template":"","meta":{"footnotes":""},"class_list":["post-35","page","type-page","status-publish","hentry"],"_links":{"self":[{"href":"http:\/\/www.poltegor.pl\/index.php?rest_route=\/wp\/v2\/pages\/35","targetHints":{"allow":["GET"]}}],"collection":[{"href":"http:\/\/www.poltegor.pl\/index.php?rest_route=\/wp\/v2\/pages"}],"about":[{"href":"http:\/\/www.poltegor.pl\/index.php?rest_route=\/wp\/v2\/types\/page"}],"author":[{"embeddable":true,"href":"http:\/\/www.poltegor.pl\/index.php?rest_route=\/wp\/v2\/users\/1"}],"replies":[{"embeddable":true,"href":"http:\/\/www.poltegor.pl\/index.php?rest_route=%2Fwp%2Fv2%2Fcomments&post=35"}],"version-history":[{"count":4,"href":"http:\/\/www.poltegor.pl\/index.php?rest_route=\/wp\/v2\/pages\/35\/revisions"}],"predecessor-version":[{"id":496,"href":"http:\/\/www.poltegor.pl\/index.php?rest_route=\/wp\/v2\/pages\/35\/revisions\/496"}],"wp:attachment":[{"href":"http:\/\/www.poltegor.pl\/index.php?rest_route=%2Fwp%2Fv2%2Fmedia&parent=35"}],"curies":[{"name":"wp","href":"https:\/\/api.w.org\/{rel}","templated":true}]}}